{"id":91,"date":"2024-08-16T12:03:12","date_gmt":"2024-08-16T10:03:12","guid":{"rendered":"http:\/\/www.bellibule.fr\/?page_id=91"},"modified":"2024-08-16T12:04:56","modified_gmt":"2024-08-16T10:04:56","slug":"note-sur-le-conditionnement","status":"publish","type":"page","link":"https:\/\/www.bellibule.fr\/index.php\/note-sur-le-conditionnement\/","title":{"rendered":"Pourquoi cet emballage ?"},"content":{"rendered":"\n<p><strong>Mon Engagement \u00c9cologique : L&rsquo;Utilisation de Cartons Recycl\u00e9s pour Vos Commandes<\/strong><\/p>\n\n\n\n<h3 class=\"wp-block-heading\"><strong>Pourquoi des Cartons Recycl\u00e9s ?<\/strong><\/h3>\n\n\n\n<ol class=\"wp-block-list\">\n<li><strong>Un Choix \u00c9cologique<\/strong> : En optant pour des cartons recycl\u00e9s, je permet de donner une seconde vie aux mat\u00e9riaux, \u00e9vitant ainsi le gaspillage et la production excessive de nouveaux emballages.<\/li>\n\n\n\n<li><strong>Une Approche \u00c9conomique<\/strong> : Le choix des cartons recycl\u00e9s me permet \u00e9galement de ma\u00eetriser mes co\u00fbts, ce qui se r\u00e9percute sur mes prix. En r\u00e9duisant les d\u00e9penses li\u00e9es \u00e0 l\u2019emballage, je peux continuer \u00e0 vous proposer des produits de qualit\u00e9 \u00e0 des prix justes.<\/li>\n<\/ol>\n\n\n\n<h3 class=\"wp-block-heading\"><strong>Ce que Cela Signifie pour Vous<\/strong><\/h3>\n\n\n\n<p>Vous recevrez vos commandes dans des cartons qui ont d\u00e9j\u00e0 servi, mais soyez assur\u00e9s que cela n\u2019affecte en rien la qualit\u00e9 de mes produits ni la s\u00e9curit\u00e9 de l\u2019envoi. Chaque colis est soigneusement pr\u00e9par\u00e9 pour garantir que vos articles arrivent en parfait \u00e9tat, tout en minimisant l&rsquo;impact environnemental.<\/p>\n\n\n\n<p>Merci de soutenir ma d\u00e9marche \u00e9cologique et \u00e9conomique. Ensemble, nous faisons un petit pas pour l&rsquo;environnement.<\/p>\n","protected":false},"excerpt":{"rendered":"<p>Mon Engagement \u00c9cologique : L&rsquo;Utilisation de Cartons Recycl\u00e9s pour Vos Commandes Pourquoi des Cartons Recycl\u00e9s ? Ce que Cela Signifie pour Vous Vous recevrez vos commandes dans des cartons qui ont d\u00e9j\u00e0 servi, mais soyez assur\u00e9s que cela n\u2019affecte en rien la qualit\u00e9 de mes produits ni la s\u00e9curit\u00e9 de l\u2019envoi. Chaque colis est soigneusement [&hellip;]<\/p>\n","protected":false},"author":1,"featured_media":0,"parent":0,"menu_order":0,"comment_status":"closed","ping_status":"closed","template":"","meta":{"footnotes":""},"class_list":["post-91","page","type-page","status-publish","hentry"],"jetpack_sharing_enabled":true,"_links":{"self":[{"href":"https:\/\/www.bellibule.fr\/index.php\/wp-json\/wp\/v2\/pages\/91","targetHints":{"allow":["GET"]}}],"collection":[{"href":"https:\/\/www.bellibule.fr\/index.php\/wp-json\/wp\/v2\/pages"}],"about":[{"href":"https:\/\/www.bellibule.fr\/index.php\/wp-json\/wp\/v2\/types\/page"}],"author":[{"embeddable":true,"href":"https:\/\/www.bellibule.fr\/index.php\/wp-json\/wp\/v2\/users\/1"}],"replies":[{"embeddable":true,"href":"https:\/\/www.bellibule.fr\/index.php\/wp-json\/wp\/v2\/comments?post=91"}],"version-history":[{"count":2,"href":"https:\/\/www.bellibule.fr\/index.php\/wp-json\/wp\/v2\/pages\/91\/revisions"}],"predecessor-version":[{"id":93,"href":"https:\/\/www.bellibule.fr\/index.php\/wp-json\/wp\/v2\/pages\/91\/revisions\/93"}],"wp:attachment":[{"href":"https:\/\/www.bellibule.fr\/index.php\/wp-json\/wp\/v2\/media?parent=91"}],"curies":[{"name":"wp","href":"https:\/\/api.w.org\/{rel}","templated":true}]}}